ose 5*d - 147 = 2*d + 3*o, -3*d - 5*o = -187. Suppose 4*c - c = d. List the prime factors of c.
2, 3
Let i(r) = -r**3 - 11*r**2 + 4. Let l be i(-11). Suppose -q = -26 + l. What are the prime factors of q?
2, 11
Let z = 33 - -7. What are the prime factors of z?
2, 5
Suppose 5*l = 2*v - 32, -v - 7*l + 38 = -4*l. Suppose -3*k + v + 13 = 0. What are the prime factors of k?
13
List the prime factors of ((-40)/15 - 1)*15/(-1).
5, 11
Let d = 0 + -6. Let s be d/21 - (-37)/7. Suppose -5*m + 4*z = -23, s*m + 0*z = -3*z + 9. List the prime factors of m.
3
Let n(b) = -8*b + 21. List the prime factors of n(-8).
5, 17
Let h = 33 - 5. Suppose -5*g + 57 = -h. List the prime factors of g.
17
Suppose -5 = -j + 2*i, -j = -i + 2 - 4. Let a = j + 6. Suppose -4*f - 31 = -3*l, f - 15 = -a*l + 4*l. List the prime factors of l.
13
Suppose 298 = -4*g + 6*g. List the prime factors of g.
149
Suppose 6 = 5*y - 4. Let z = y + 0. Suppose -3*d - z*d = -50. What are the prime factors of d?
2, 5
Let y(o) be the first derivative of o**3/3 - 2*o**2 - 15*o + 4. List the prime factors of y(-6).
3, 5
Let l(n) = -4*n - 4. Let t(r) = 5*r + 3. Let w(v) = -4*l(v) - 3*t(v). What are the prime factors of w(-5)?
2
Let s = -10 + 58. Let o = 86 - s. Suppose 6*v - v = -5*y + 40, -o = -4*y + 2*v. What are the prime factors of y?
3
Let o = -14 + 6. Let z be ((-4)/o)/((-2)/16). What are the prime factors of (9/z)/(3/(-12))?
3
Suppose -7*y = f - 8*y - 141, -4*f - 4*y = -556. What are the prime factors of f?
2, 5, 7
Suppose 0*g + 14 = -g + 4*x, 4*x - 8 = 2*g. Let s = -3 + g. Suppose n - 5*w - 16 = -s, 19 = 2*n - 3*w. List the prime factors of n.
2
Let y be (-4)/(-20) - (-88)/10. Let t be (-78)/y - 2/6. Let c = 3 - t. What are the prime factors of c?
2, 3
Let g(k) = -6*k**2 - k - 4. Let w(t) = t + 1. Let l(p) = -g(p) - 4*w(p). List the prime factors of l(2).
2, 3
Suppose -l + 3*u - 3 = 0, -3*l - 3*u + 31 = 4. Let g = 13 - l. List the prime factors of g.
7
Let p = 49 - 84. Let y = -17 - p. What are the prime factors of y?
2, 3
Let u(p) = -p**3 + 3*p**2 + 8*p. Let s be u(6). Let d = s - -92. List the prime factors of d.
2
Let b be ((-1)/(-3))/(1/6). Let o(n) = 5*n + 3. Let y be o(3). Suppose -4*v = -b*f - f - 36, 2*v - f = y. What are the prime factors of v?
3
Let w be 7*(-4)/42*-15. Let n = w - 6. What are the prime factors of n?
2
Suppose 0 = -2*g - 5*u + 46, 4*g - 5*u - 8 - 54 = 0. List the prime factors of g.
2, 3
Suppose 0*z - 5*z = 15, -5*s + 710 = 5*z. What are the prime factors of s?
5, 29
Suppose 0*q + 315 = 2*o + q, 2*o - 3*q - 335 = 0. Suppose 0 = -3*a + 7*a - o. List the prime factors of a.
2, 5
Let a(w) = w**3 + 11*w**2 - 15*w - 6. Let d be a(-12). Let p = -11 + d. List the prime factors of p.
19
Suppose -2*g = -4*z - 112, 4*g + 3*z - 213 = -0*z. List the prime factors of g.
2, 3
Let z = 34 - 16. Suppose -4*v + 3 = 3*d + z, 0 = -d + 3*v - 5. Let g = d - -8. What are the prime factors of g?
3
Let w = -139 - -189. List the prime factors of w.
2, 5
Let l = -20 - -23. Suppose -l*x = 3*u - 9, -2 = -4*x - 5*u + 6. What are the prime factors of x?
7
Let i be (-6 + 6)/((-2)/1). Suppose 4*v + 3*o = -i - 30, v + 5*o = 1. List the prime factors of (-200)/v + 2/(-9).
2, 11
Let v = -60 + 80. What are the prime factors of v?
2, 5
Let d be (0/3)/(-1) - -24. List the prime factors of d/(-18)*6/(-4).
2
Let w(g) = -4*g - 4. Suppose 4*j + j - 35 = 0. Let q = j - 11. What are the prime factors of w(q)?
2, 3
Let f(u) = u**2 - 7*u + 37. List the prime factors of f(6).
31
Let w(z) = -z**2 + z + 9. Let f be w(-4). Let c = f + 31. What are the prime factors of c?
2, 5
Suppose -h + 31 - 159 = -2*m, 3*m + 2*h - 206 = 0. List the prime factors of m.
2, 3, 11
Let z = 8 + -8. Suppose -r - 4*c = -z*r - 6, -r - c = -9. What are the prime factors of r?
2, 5
Suppose -19*i = -26*i + 1043. What are the prime factors of i?
149
Let p = -17 - -27. Suppose 5*u = p + 65. List the prime factors of u.
3, 5
Let v = -9 + 15. What are the prime factors of (0 + (v - 1))*1?
5
Let u(l) = l**3 - 2 - l + 3*l**2 - l + 0*l**3. Let t be u(-3). Suppose t*z - 5 = h, 12 - 4 = z + 2*h. What are the prime factors of z?
2
Suppose 0 = 7*k - 4*k - 18. Suppose -2*o - 2 = k. List the prime factors of (-18)/(-4) + 2/o.
2
Let d(h) = h - 2. Let p be d(-2). Let t(z) = -z - 7. Let x be t(-5). Let w = x - p. List the prime factors of w.
2
Let d(a) = a**3 - 1 + 12*a - a - 9*a**2 - 2*a**2 + 6. What are the prime factors of d(10)?
3, 5
Suppose -6 = -4*n + 2. Suppose 3*f + 31 = 4*b, 2*f - n*b + 30 = 12. Let k = 4 - f. What are the prime factors of k?
3
Suppose 905 = 5*h + x, -x + 362 = 2*h + 2*x. List the prime factors of h.
181
Let l be ((-18)/12)/(3/(-4)). Let h be (1*-2 - -2) + 0. List the prime factors of (l - -9 - h) + 1.
2, 3
List the prime factors of ((-18)/(-15))/(4/10).
3
Let p(m) = 2*m + 3*m**2 + 3 + 0*m**2 - 4*m**2. Let f be p(3). Suppose 5*u - 3*j - 22 = 17, -3*u - 5*j + 37 = f. What are the prime factors of u?
3
Let c(i) = i**2 + 8*i - 6. Suppose -4*y + 3*q + 0*q - 21 = 0, 70 = -5*y - 5*q. Let s be c(y). Let o = 2 + s. What are the prime factors of o?
5
Let t be 1/(30/(-14) + 2). List the prime factors of 2/7 + (-103)/t.
3, 5
Let j(f) = 3*f**3 - f**2 + 1. What are the prime factors of j(1)?
3
Let v(r) = -11*r + 3. List the prime factors of v(-7).
2, 5
Let p(t) be the first derivative of -t**2/2 + 2*t - 4. Let r be p(5). What are the prime factors of (-44)/r + 2/6?
3, 5
Suppose -h = -2*g + 20, -3*g + 20 = 3*h - 10. List the prime factors of g.
2, 5
Let n be 0/(-1)*(-6)/(-18). Suppose -5*x + 7 + 18 = n. List the prime factors of x.
5
Let g = 75 + 31. What are the prime factors of g?
2, 53
Let o = 20 + -11. Let b(g) = g**2 - 6*g + 10. List the prime factors of b(o).
37
Suppose 64 = 3*c - 14. What are the prime factors of c?
2, 13
Suppose -3*h - 449 = -4*w, 0 = -w - 0*h - 5*h + 95. List the prime factors of w.
2, 5, 11
Let q = -23 + 32. Let i be ((-12)/q)/(1/(-3)). Suppose -4*w = 2*z - i, -2*w - 24 - 22 = -5*z. What are the prime factors of z?
2
Suppose 0 = 5*d + 4*z - 75 - 23, 4*d = -z + 74. Let t = 33 - -5. Suppose -d = -b - g, -2 + t = 2*b + g. What are the prime factors of b?
2, 3
Suppose -12*f = -13*f + 59. List the prime factors of f.
59
Suppose -2*y + 4 = -0*y. Suppose 0 = -4*r - s + 37, -y*r + 2*s + 11 = 5*s. What are the prime factors of r?
2, 5
Let q = 31 + -57. Let k = q - -37. Let v = k + -1. List the prime factors of v.
2, 5
Let o = -3 - -1. List the prime factors of (-81)/18*1*o.
3
Let k(o) = 2*o**2 - 3*o - 2. Let l be k(4). Suppose x - l = f - 6*f, -4*x = -4*f + 24. Let p = x - -21. List the prime factors of p.
19
List the prime factors of ((-2)/2)/((-11)/869).
79
Let h(w) = 5*w**3 - w**2 + 3*w - 5. List the prime factors of h(2).
37
List the prime factors of (3/(-6))/(8/(-624)).
3, 13
Suppose 3*m - 130 - 11 = 0. Let i be (-1)/((-1)/m) + 0. Suppose 0*c - c = -5*o + 11, -o = 3*c - i. List the prime factors of c.
2, 7
Let u(w) = -w**2 - 14*w - 4. Let y be u(-13). Let m = y + 23. List the prime factors of m.
2
Suppose 55 = y - 5*r, -4*r + 7*r - 71 = -2*y. List the prime factors of y.
2, 5
Suppose 148 = -0*v + 4*v. Suppose 2*m - v = -2*m + 5*z, -3*m = -4*z - 28. What are the prime factors of m?
2
Suppose -51 - 59 = -5*c. Let v be -1 - -32 - (29 + -34). Let u = v - c. What are the prime factors of u?
2, 7
Suppose k - 13 = -3*u, -3*k = -3*u + 22 - 1. Suppose -n = -u*n + 104. List the prime factors of n.
2, 13
What are the prime factors of (2 - (0 - 0))*5?
2, 5
Let x(u) = -u**3 - 7*u**2 - 8. Let o be x(-7). Let v = -5 - o. List the prime factors of v.
3
Suppose -5*b + 0*b = -20. Let o = 25 - -5. Suppose b*w - o = -w. What are the prime factors of w?
2, 3
Let b be (10 + 5)*(-4)/(-6). What are the prime factors of (24/b)/((-9)/(-150))?
2, 5
Let x(f) = -8*f - 1. What are the prime factors of x(-1)?
7
Let v = -15 - -19. Suppose -3*n - v*p + p = -132, 3*n + 4*p = 131. List the prime factors of n.
3, 5
Suppose g = u - 20, 0 = 5*u + g - 28 - 90. Suppose 0 = 3*w - y - 17, -7*w + 3*w + u = -y. Suppose 0 = -w*k + k + 25. What are the prime factors of k?
5
Suppose 5*y - 542 + 147 = 0. What are the prime factors of y?
79
Suppose -38 = -3*a + 64. Let b be 2/(-10) + 570/(-25). Let g = a + b. List the prime factors of g.
11
Let q be ((-12)/10)/(18/(-60